{"id":633,"date":"2025-10-02T18:38:45","date_gmt":"2025-10-02T18:38:45","guid":{"rendered":"https:\/\/meltemozdemir.com\/?page_id=633"},"modified":"2025-10-02T19:01:07","modified_gmt":"2025-10-02T19:01:07","slug":"bolgesel-incelme","status":"publish","type":"page","link":"https:\/\/meltemozdemir.com\/index.php\/bolgesel-incelme\/","title":{"rendered":"B\u00f6lgesel \u0130ncelme"},"content":{"rendered":"\t\t<div data-elementor-type=\"wp-page\" data-elementor-id=\"633\" class=\"elementor elementor-633\">\n\t\t\t\t\t\t<section class=\"elementor-section elementor-top-section elementor-element elementor-element-761129a0 elementor-section-content-middle elementor-section-boxed elementor-section-height-default elementor-section-height-default\" data-id=\"761129a0\" data-element_type=\"section\">\n\t\t\t\t\t\t<div class=\"elementor-container elementor-column-gap-no\">\n\t\t\t\t\t<div class=\"elementor-column elementor-col-100 elementor-top-column elementor-element elementor-element-34fec1a7\" data-id=\"34fec1a7\" data-element_type=\"column\">\n\t\t\t<div class=\"elementor-widget-wrap elementor-element-populated\">\n\t\t\t\t\t\t<div class=\"elementor-element elementor-element-30d62d61 elementor-widget elementor-widget-image\" data-id=\"30d62d61\" data-element_type=\"widget\" data-widget_type=\"image.default\">\n\t\t\t\t<div class=\"elementor-widget-container\">\n\t\t\t\t\t\t\t\t\t\t\t\t\t\t\t<img fetchpriority=\"high\" decoding=\"async\" width=\"1536\" height=\"1024\" src=\"https:\/\/meltemozdemir.com\/wp-content\/uploads\/2025\/10\/bolgesel-incelme-1.jpg\" class=\"attachment-full size-full wp-image-600\" alt=\"\" srcset=\"https:\/\/meltemozdemir.com\/wp-content\/uploads\/2025\/10\/bolgesel-incelme-1.jpg 1536w, https:\/\/meltemozdemir.com\/wp-content\/uploads\/2025\/10\/bolgesel-incelme-1-300x200.jpg 300w, https:\/\/meltemozdemir.com\/wp-content\/uploads\/2025\/10\/bolgesel-incelme-1-1024x683.jpg 1024w, https:\/\/meltemozdemir.com\/wp-content\/uploads\/2025\/10\/bolgesel-incelme-1-768x512.jpg 768w, https:\/\/meltemozdemir.com\/wp-content\/uploads\/2025\/10\/bolgesel-incelme-1-600x400.jpg 600w\" sizes=\"(max-width: 1536px) 100vw, 1536px\" \/>\t\t\t\t\t\t\t\t\t\t\t\t\t\t\t<\/div>\n\t\t\t\t<\/div>\n\t\t\t\t<div class=\"elementor-element elementor-element-42105268 elementor-widget elementor-widget-heading\" data-id=\"42105268\" data-element_type=\"widget\" data-widget_type=\"heading.default\">\n\t\t\t\t<div class=\"elementor-widget-container\">\n\t\t\t\t\t<h3 class=\"elementor-heading-title elementor-size-default\">Samsun B\u00f6lgesel \u0130ncelme \u2013 Fazlal\u0131klardan G\u00fcvenle Kurtulun<\/h3>\t\t\t\t<\/div>\n\t\t\t\t<\/div>\n\t\t\t\t<div class=\"elementor-element elementor-element-6d2efbff elementor-widget elementor-widget-text-editor\" data-id=\"6d2efbff\" data-element_type=\"widget\" data-widget_type=\"text-editor.default\">\n\t\t\t\t<div class=\"elementor-widget-container\">\n\t\t\t\t\t\t\t\t\t<h3>B\u00f6lgesel incelme, diyet ve sporla gitmeyen inat\u00e7\u0131 ya\u011flar\u0131n <strong data-start=\"611\" data-end=\"664\">teknolojik cihazlarla hedeflenerek yok edilmesini<\/strong> sa\u011flayan modern bir uygulamad\u0131r<\/h3>\t\t\t\t\t\t\t\t<\/div>\n\t\t\t\t<\/div>\n\t\t\t\t<section class=\"elementor-section elementor-inner-section elementor-element elementor-element-2d2b5b70 elementor-section-boxed elementor-section-height-default elementor-section-height-default\" data-id=\"2d2b5b70\" data-element_type=\"section\">\n\t\t\t\t\t\t<div class=\"elementor-container elementor-column-gap-default\">\n\t\t\t\t\t<div class=\"elementor-column elementor-col-50 elementor-inner-column elementor-element elementor-element-6f3ed74c\" data-id=\"6f3ed74c\" data-element_type=\"column\">\n\t\t\t<div class=\"elementor-widget-wrap elementor-element-populated\">\n\t\t\t\t\t\t<div class=\"elementor-element elementor-element-89b7f84 elementor-widget elementor-widget-heading\" data-id=\"89b7f84\" data-element_type=\"widget\" data-widget_type=\"heading.default\">\n\t\t\t\t<div class=\"elementor-widget-container\">\n\t\t\t\t\t<h2 class=\"elementor-heading-title elementor-size-default\">B\u00f6lgesel \u0130ncelme Nedir?<\/h2>\t\t\t\t<\/div>\n\t\t\t\t<\/div>\n\t\t\t\t<div class=\"elementor-element elementor-element-bf7c60e elementor-widget elementor-widget-text-editor\" data-id=\"bf7c60e\" data-element_type=\"widget\" data-widget_type=\"text-editor.default\">\n\t\t\t\t<div class=\"elementor-widget-container\">\n\t\t\t\t\t\t\t\t\t<div class=\"blog-header\"><p>B\u00f6lgesel incelme, diyet ve sporla gitmeyen inat\u00e7\u0131 ya\u011flar\u0131n <strong data-start=\"611\" data-end=\"664\">teknolojik cihazlarla hedeflenerek yok edilmesini<\/strong> sa\u011flayan modern bir uygulamad\u0131r. Bu y\u00f6ntem, kilo vermekten farkl\u0131d\u0131r; v\u00fccudu \u015fekillendirme ve s\u0131k\u0131la\u015ft\u0131rma odakl\u0131d\u0131r.<\/p><\/div>\t\t\t\t\t\t\t\t<\/div>\n\t\t\t\t<\/div>\n\t\t\t\t<div class=\"elementor-element elementor-element-1ab63c2 elementor-widget elementor-widget-heading\" data-id=\"1ab63c2\" data-element_type=\"widget\" data-widget_type=\"heading.default\">\n\t\t\t\t<div class=\"elementor-widget-container\">\n\t\t\t\t\t<h2 class=\"elementor-heading-title elementor-size-default\">Samsun B\u00f6lgesel \u0130ncelme Avantajlar\u0131<\/h2>\t\t\t\t<\/div>\n\t\t\t\t<\/div>\n\t\t\t\t<div class=\"elementor-element elementor-element-b026965 elementor-widget elementor-widget-text-editor\" data-id=\"b026965\" data-element_type=\"widget\" data-widget_type=\"text-editor.default\">\n\t\t\t\t<div class=\"elementor-widget-container\">\n\t\t\t\t\t\t\t\t\t<div class=\"blog-header\"><p data-start=\"834\" data-end=\"882\">Diyet ve egzersize diren\u00e7li ya\u011flardan kurtulma<\/p><p data-start=\"885\" data-end=\"923\">V\u00fccudu \u015fekillendirme ve s\u0131k\u0131la\u015ft\u0131rma<\/p><p data-start=\"926\" data-end=\"958\">Ac\u0131s\u0131z ve ameliyats\u0131z uygulama<\/p><p data-start=\"961\" data-end=\"1006\">Seanslardan sonra g\u00fcnl\u00fck ya\u015fama hemen d\u00f6n\u00fc\u015f<\/p><p data-start=\"1009\" data-end=\"1046\">Kad\u0131n ve erkek i\u00e7in uygun y\u00f6ntemler<\/p><\/div>\t\t\t\t\t\t\t\t<\/div>\n\t\t\t\t<\/div>\n\t\t\t\t<div class=\"elementor-element elementor-element-6d6e4e0 elementor-widget elementor-widget-heading\" data-id=\"6d6e4e0\" data-element_type=\"widget\" data-widget_type=\"heading.default\">\n\t\t\t\t<div class=\"elementor-widget-container\">\n\t\t\t\t\t<h2 class=\"elementor-heading-title elementor-size-default\">G8 Masaj\u0131n\u0131n Faydalar\u0131<\/h2>\t\t\t\t<\/div>\n\t\t\t\t<\/div>\n\t\t\t\t<div class=\"elementor-element elementor-element-2c92bf7 elementor-widget elementor-widget-text-editor\" data-id=\"2c92bf7\" data-element_type=\"widget\" data-widget_type=\"text-editor.default\">\n\t\t\t\t<div class=\"elementor-widget-container\">\n\t\t\t\t\t\t\t\t\t<ul><li data-start=\"835\" data-end=\"882\"><p data-start=\"837\" data-end=\"882\">B\u00f6lgesel ya\u011flanmay\u0131 azaltmaya yard\u0131mc\u0131 olur<\/p><\/li><li data-start=\"883\" data-end=\"916\"><p data-start=\"885\" data-end=\"916\">Sel\u00fclit g\u00f6r\u00fcn\u00fcm\u00fcn\u00fc hafifletir<\/p><\/li><li data-start=\"917\" data-end=\"947\"><p data-start=\"919\" data-end=\"947\">Kan dola\u015f\u0131m\u0131n\u0131 h\u0131zland\u0131r\u0131r<\/p><\/li><li data-start=\"948\" data-end=\"979\"><p data-start=\"950\" data-end=\"979\">Cilt elastikiyetini art\u0131r\u0131r<\/p><\/li><li data-start=\"980\" data-end=\"1020\"><p data-start=\"982\" data-end=\"1020\">Spor ve diyetin etkilerini destekler<\/p><\/li><li data-start=\"1021\" data-end=\"1051\"><p data-start=\"1023\" data-end=\"1051\">\u00d6dem ve \u015fi\u015fkinli\u011fi azalt\u0131r<\/p><\/li><\/ul>\t\t\t\t\t\t\t\t<\/div>\n\t\t\t\t<\/div>\n\t\t\t\t\t<\/div>\n\t\t<\/div>\n\t\t\t\t<div class=\"elementor-column elementor-col-50 elementor-inner-column elementor-element elementor-element-2ddc14be\" data-id=\"2ddc14be\" data-element_type=\"column\">\n\t\t\t<div class=\"elementor-widget-wrap elementor-element-populated\">\n\t\t\t\t\t\t<div class=\"elementor-element elementor-element-3d62808 elementor-widget elementor-widget-heading\" data-id=\"3d62808\" data-element_type=\"widget\" data-widget_type=\"heading.default\">\n\t\t\t\t<div class=\"elementor-widget-container\">\n\t\t\t\t\t<h2 class=\"elementor-heading-title elementor-size-default\">Hangi B\u00f6lgelerde Uygulan\u0131r?<\/h2>\t\t\t\t<\/div>\n\t\t\t\t<\/div>\n\t\t\t\t<div class=\"elementor-element elementor-element-72a5d5c elementor-widget elementor-widget-text-editor\" data-id=\"72a5d5c\" data-element_type=\"widget\" data-widget_type=\"text-editor.default\">\n\t\t\t\t<div class=\"elementor-widget-container\">\n\t\t\t\t\t\t\t\t\t<p data-start=\"1093\" data-end=\"1115\">Kar\u0131n ve bel \u00e7evresi<\/p><p data-start=\"1118\" data-end=\"1142\">Kal\u00e7a ve basen b\u00f6lgesi<\/p><p data-start=\"1145\" data-end=\"1164\">Bacak i\u00e7i ve d\u0131\u015f\u0131<\/p><p data-start=\"1167\" data-end=\"1180\">Kol ve s\u0131rt<\/p>\t\t\t\t\t\t\t\t<\/div>\n\t\t\t\t<\/div>\n\t\t\t\t<div class=\"elementor-element elementor-element-af8e61d elementor-widget elementor-widget-heading\" data-id=\"af8e61d\" data-element_type=\"widget\" data-widget_type=\"heading.default\">\n\t\t\t\t<div class=\"elementor-widget-container\">\n\t\t\t\t\t<h2 class=\"elementor-heading-title elementor-size-default\">Samsun G8 Masaj\u0131 Fiyatlar\u0131<\/h2>\t\t\t\t<\/div>\n\t\t\t\t<\/div>\n\t\t\t\t<div class=\"elementor-element elementor-element-62ae623 elementor-widget elementor-widget-text-editor\" data-id=\"62ae623\" data-element_type=\"widget\" data-widget_type=\"text-editor.default\">\n\t\t\t\t<div class=\"elementor-widget-container\">\n\t\t\t\t\t\t\t\t\t<p data-start=\"1636\" data-end=\"1811\">G8 masaj\u0131 fiyatlar\u0131, seans say\u0131s\u0131 ve uygulanacak b\u00f6lgeye g\u00f6re de\u011fi\u015fmektedir. <strong data-start=\"1296\" data-end=\"1330\">Meltem \u00d6zdemir G\u00fczellik Salonu<\/strong> olarak Samsun\u2019da uygun fiyatlarla profesyonel G8 masaj\u0131 hizmeti sunuyoruz.<\/p>\t\t\t\t\t\t\t\t<\/div>\n\t\t\t\t<\/div>\n\t\t\t\t<div class=\"elementor-element elementor-element-3dcc0d3 elementor-widget elementor-widget-heading\" data-id=\"3dcc0d3\" data-element_type=\"widget\" data-widget_type=\"heading.default\">\n\t\t\t\t<div class=\"elementor-widget-container\">\n\t\t\t\t\t<h2 class=\"elementor-heading-title elementor-size-default\">Kimler \u0130\u00e7in Uygundur?<\/h2>\t\t\t\t<\/div>\n\t\t\t\t<\/div>\n\t\t\t\t<div class=\"elementor-element elementor-element-38afce1 elementor-widget elementor-widget-text-editor\" data-id=\"38afce1\" data-element_type=\"widget\" data-widget_type=\"text-editor.default\">\n\t\t\t\t<div class=\"elementor-widget-container\">\n\t\t\t\t\t\t\t\t\t<div class=\"blog-header\"><ul><li data-start=\"1441\" data-end=\"1484\"><p data-start=\"1443\" data-end=\"1484\">B\u00f6lgesel fazlal\u0131klardan \u015fikayet edenler<\/p><\/li><li data-start=\"1485\" data-end=\"1516\"><p data-start=\"1487\" data-end=\"1516\">Sel\u00fclit problemi ya\u015fayanlar<\/p><\/li><li data-start=\"1517\" data-end=\"1552\"><p data-start=\"1519\" data-end=\"1552\">Diyet ve spora destek arayanlar<\/p><\/li><li data-start=\"1553\" data-end=\"1598\"><p data-start=\"1555\" data-end=\"1598\">Daha s\u0131k\u0131 ve p\u00fcr\u00fczs\u00fcz bir cilt isteyenler<\/p><\/li><\/ul><\/div>\t\t\t\t\t\t\t\t<\/div>\n\t\t\t\t<\/div>\n\t\t\t\t<div class=\"elementor-element elementor-element-a7c0328 elementor-widget elementor-widget-heading\" data-id=\"a7c0328\" data-element_type=\"widget\" data-widget_type=\"heading.default\">\n\t\t\t\t<div class=\"elementor-widget-container\">\n\t\t\t\t\t<h2 class=\"elementor-heading-title elementor-size-default\">Neden Bizi Tercih Etmelisiniz?<\/h2>\t\t\t\t<\/div>\n\t\t\t\t<\/div>\n\t\t\t\t<div class=\"elementor-element elementor-element-0b051f0 elementor-widget elementor-widget-text-editor\" data-id=\"0b051f0\" data-element_type=\"widget\" data-widget_type=\"text-editor.default\">\n\t\t\t\t<div class=\"elementor-widget-container\">\n\t\t\t\t\t\t\t\t\t<div class=\"blog-header\"><p data-start=\"1643\" data-end=\"1667\">Uzman estetisyen ekibi<\/p><p data-start=\"1670\" data-end=\"1698\">Hijyenik ve konforlu ortam<\/p><p data-start=\"1701\" data-end=\"1732\">Ki\u015fiye \u00f6zel bak\u0131m programlar\u0131<\/p><p data-start=\"1735\" data-end=\"1788\">Samsun\u2019da g\u00fcvenilir ve profesyonel g\u00fczellik merkezi<\/p><\/div>\t\t\t\t\t\t\t\t<\/div>\n\t\t\t\t<\/div>\n\t\t\t\t\t<\/div>\n\t\t<\/div>\n\t\t\t\t\t<\/div>\n\t\t<\/section>\n\t\t\t\t\t<\/div>\n\t\t<\/div>\n\t\t\t\t\t<\/div>\n\t\t<\/section>\n\t\t\t\t<\/div>\n\t\t","protected":false},"excerpt":{"rendered":"<p>Samsun B\u00f6lgesel \u0130ncelme \u2013 Fazlal\u0131klardan G\u00fcvenle Kurtulun B\u00f6lgesel incelme, diyet ve sporla gitmeyen inat\u00e7\u0131 ya\u011flar\u0131n teknolojik cihazlarla hedeflenerek yok edilmesini sa\u011flayan modern bir uygulamad\u0131r B\u00f6lgesel \u0130ncelme Nedir? B\u00f6lgesel incelme, diyet ve sporla gitmeyen inat\u00e7\u0131 ya\u011flar\u0131n teknolojik cihazlarla hedeflenerek yok edilmesini sa\u011flayan modern bir uygulamad\u0131r. Bu y\u00f6ntem, kilo vermekten farkl\u0131d\u0131r; v\u00fccudu \u015fekillendirme ve s\u0131k\u0131la\u015ft\u0131rma odakl\u0131d\u0131r. Samsun B\u00f6lgesel \u0130ncelme Avantajlar\u0131 Diyet ve&#8230;<\/p>\n","protected":false},"author":1,"featured_media":0,"parent":0,"menu_order":0,"comment_status":"closed","ping_status":"closed","template":"elementor_header_footer","meta":{"om_disable_all_campaigns":false,"_monsterinsights_skip_tracking":false,"_monsterinsights_sitenote_active":false,"_monsterinsights_sitenote_note":"","_monsterinsights_sitenote_category":0,"footnotes":""},"class_list":["post-633","page","type-page","status-publish","hentry"],"aioseo_notices":[],"_links":{"self":[{"href":"https:\/\/meltemozdemir.com\/index.php\/wp-json\/wp\/v2\/pages\/633","targetHints":{"allow":["GET"]}}],"collection":[{"href":"https:\/\/meltemozdemir.com\/index.php\/wp-json\/wp\/v2\/pages"}],"about":[{"href":"https:\/\/meltemozdemir.com\/index.php\/wp-json\/wp\/v2\/types\/page"}],"author":[{"embeddable":true,"href":"https:\/\/meltemozdemir.com\/index.php\/wp-json\/wp\/v2\/users\/1"}],"replies":[{"embeddable":true,"href":"https:\/\/meltemozdemir.com\/index.php\/wp-json\/wp\/v2\/comments?post=633"}],"version-history":[{"count":7,"href":"https:\/\/meltemozdemir.com\/index.php\/wp-json\/wp\/v2\/pages\/633\/revisions"}],"predecessor-version":[{"id":661,"href":"https:\/\/meltemozdemir.com\/index.php\/wp-json\/wp\/v2\/pages\/633\/revisions\/661"}],"wp:attachment":[{"href":"https:\/\/meltemozdemir.com\/index.php\/wp-json\/wp\/v2\/media?parent=633"}],"curies":[{"name":"wp","href":"https:\/\/api.w.org\/{rel}","templated":true}]}}